ime?
False
Is 488661958 composite?
True
Is 2095940779 a prime number?
False
Is 56720408167 prime?
False
Is 308112406267 composite?
True
Is 399900621 a prime number?
False
Is 2196011747 composite?
True
Is 1244334503 a composite number?
False
Is 7062873851 composite?
True
Is 2208241339 a composite number?
True
Is 9887197006 a prime number?
False
Is 1913029711 prime?
True
Is 25796437519 composite?
False
Is 447970321 prime?
True
Is 1582637081 prime?
False
Is 27544129777 composite?
True
Is 35908603 prime?
True
Is 73415623 composite?
True
Is 653041603 prime?
True
Is 59973404513 a prime number?
False
Is 59668493189 a prime number?
True
Is 76073076347 a prime number?
False
Is 1795276349 composite?
True
Is 24743276797 a composite number?
True
Is 125538270119 composite?
False
Is 53957039 a composite number?
True
Is 4464772409 composite?
True
Is 4981729297 a prime number?
False
Is 8732558489 a prime number?
True
Is 20604771617 a composite number?
True
Is 798315803 composite?
True
Is 6124158301 a composite number?
False
Is 1007681413 prime?
False
Is 205501603 composite?
False
Is 95197629647 composite?
False
Is 182447873 prime?
False
Is 2507434409 a composite number?
False
Is 419628379 a composite number?
False
Is 2035877243 a prime number?
True
Is 318128567 a prime number?
False
Is 248049548069 composite?
False
Is 18662702837 composite?
True
Is 14594916199 a composite number?
True
Is 11910146669 a composite number?
True
Is 263504393 composite?
True
Is 219823463 a prime number?
True
Is 1676034977 composite?
False
Is 860424373 prime?
True
Is 14824705459 a prime number?
True
Is 26998022567 composite?
True
Is 553206131 a prime number?
True
Is 30295847597 composite?
False
Is 3310807573 a composite number?
True
Is 3979555523 a composite number?
True
Is 8943949759 a composite number?
False
Is 195737678861 a prime number?
True
Is 396387094879 prime?
True
Is 267585209 prime?
True
Is 969791791 composite?
True
Is 35009669773 a composite number?
True
Is 1047498281 a prime number?
True
Is 1890935369 a composite number?
True
Is 7387373393 a composite number?
False
Is 6592280889 prime?
False
Is 15612623603 composite?
False
Is 3114844703 a prime number?
False
Is 868183559 a composite number?
True
Is 3479903881 composite?
False
Is 7781860417 a composite number?
False
Is 65735329483 prime?
True
Is 44451429097 composite?
False
Is 3705125621 a composite number?
False
Is 670499653 composite?
False
Is 19264120187 a composite number?
True
Is 673886299 a composite number?
False
Is 3256601837 composite?
False
Is 4889340361 a prime number?
False
Is 6549007421 prime?
False
Is 4841913751 a prime number?
False
Is 243724963 prime?
False
Is 691589279 prime?
False
Is 372306887 composite?
False
Is 1394146007 prime?
False
Is 42306214729 prime?
True
Is 26429895221 a prime number?
True
Is 1410033595 prime?
False
Is 3189150527 a composite number?
True
Is 19695633403 a composite number?
True
Is 713863489 a prime number?
False
Is 4295573629 prime?
True
Is 1383808061 composite?
False
Is 1333349609 a composite number?
True
Is 656305627 prime?
False
Is 14685144049 a prime number?
True
Is 19355687981 composite?
True
Is 56834886543 prime?
False
Is 371568067 composite?
True
Is 9127342171 a prime number?
True
Is 26040449789 a composite number?
True
Is 433603669 a composite number?
False
Is 17566330427 a composite number?
True
Is 13522810583 composite?
False
Is 516896431 a prime number?
True
Is 1642639961 composite?
False
Is 2468596301 prime?
True
Is 3292566877 composite?
False
Is 53246777983 a prime number?
False
Is 2486288347 prime?
True
Is 3276479741 composite?
False
Is 62494383813 a composite number?
True
Is 839599 composite?
False
Is 582704327 a composite number?
False
Is 35890226761 prime?
True
Is 101591473 a prime number?
False
Is 367940533 composite?
False
Is 10884817081 a prime number?
True
Is 574031837 composite?
True
Is 787627483 composite?
True
Is 35604486349 composite?
False
Is 15322982819 composite?
False
Is 394458553 a composite number?
False
Is 638655733 composite?
False
Is 2565189511 composite?
True
Is 101644160941 a prime number?
True
Is 20716620577 composite?
True
Is 23121080743 prime?
True
Is 3055643849 a composite number?
False
Is 58990930253 composite?
False
Is 7719229447 a composite number?
False
Is 24109132274 a prime number?
False
Is 271935269 prime?
True
Is 2332901647 prime?
False
Is 476137831 prime?
False
Is 33123118423 a prime number?
True
Is 3402288733 composite?
False
Is 17966447537 a prime number?
True
Is 41087647 a prime number?
True
Is 2524423883 composite?
False
Is 358570411 prime?
False
Is 136074005 a composite number?
True
Is 110003591 a composite number?
False
Is 6581318921 composite?
False
Is 548377553 prime?
True
Is 297767467 prime?
True
Is 240632299 prime?
True
Is 234685441 a prime number?
True
Is 2135057 composite?
False
Is 9794555299 composite?
False
Is 72634694719 composite?
False
Is 2417159783 a composite number?
False
Is 2009158529 composite?
True
Is 358658891 composite?
False
Is 143530411 a composite number?
False
Is 455767597 a composite number?
True
Is 14958364189 composite?
True
Is 2610660851 a composite number?
True
Is 1169495321 composite?
False
Is 4595160679 composite?
False
Is 5233497149 a prime number?
True
Is 1581033913 prime?
False
Is 118711247353 a prime number?
False
Is 1063404593 a composite number?
False
Is 4069884059 a composite number?
False
Is 1873420907 a prime number?
True
Is 3295629217 a composite number?
False
Is 1565290681 a prime number?
False
Is 3701307679 a composite number?
True
Is 267608801 prime?
False
Is 421752943 a composite number?
True
Is 860828693 a composite number?
False
Is 1691272113 a composite number?
True
Is 20559491 prime?
False
Is 23664930827 a composite number?
True
Is 7380462545 a composite number?
True
Is 2647156055 a composite number?
True
Is 11340503 composite?
False
Is 96678035699 composite?
True
Is 1480522429 prime?
True
Is 61785903527 composite?
True
Is 65254229 composite?
True
Is 4321108171 a composite number?
False
Is 29178794723 prime?
False
Is 23055431057 a prime number?
False
Is 1428071603 prime?
False
Is 115505322931 a prime number?
False
Is 4123248241 a composite number?
True
Is 108864801077 a composite number?
True
Is 523642199 composite?
True
Is 283604861 a prime number?
False
Is 259925177 a composite number?
True
Is 2085019361 a composite number?
False
Is 1596181003 a composite number?
False
Is 3583865653 a composite number?
True
Is 391456957 prime?
True
Is 15232942679 composite?
False
Is 101536355 composite?
True
Is 7197599 a composite number?
True
Is 149985089 a prime number?
True
Is 18385378409 composite?
False
Is 10197301 a prime number?
True
Is 19961397749 prime?
True
Is 218802889 prime?
False
Is 761770423 a prime number?
True
Is 72769721851 a composite number?
True
Is 546340073 composite?
False
Is 71892649393 a composite number?
True
Is 504843719 prime?
True
Is 45448197887 a composite number?
False
Is 125973894701 a prime number?
True
Is 21963092471 composite?
False
Is 97330637 a prime number?
True
Is 557673469 composite?
True
Is 5796854113 a prime number?
True
Is 80914913 a prime number?
False
Is 973093263 a prime number?
False
Is 3097413437 prime?
True
Is 199254695 composite?
True
Is 103428557 a composite number?
False
Is 9989815133 a composite number?
False
Is 26295586873 a prime number?
True
Is 1857254263 a prime number?
False
Is 40516446059 a composite number?
False
Is 7128666947 prime?
False
Is 28727593 prime?
False
Is 12295037743 composite?
False
Is 12831741647 composite?
True
Is 11236948807 prime?
False
Is 890344951 a composite number?
False
Is 8719192941 a composite number?
True
Is 8147395439 a prime number?
False
Is 2372583497 a prime number?
False
Is 1200708897 a composite number?
True
Is 6684936721 a composite number?
True
Is 22151943661 a composite number?
False
Is 4548075985 a prime number?
False
Is 1384033537 prime?
False
Is 4087618189 composite?
False
Is 78460511171 composite?
True
Is 478625909 composite?
False
Is 2546457689 a composite number?
False
Is 43508111 composite?
True
Is 8278449989 prime?
False
Is 8394559163 composite?
False
Is 29441134433 a prime number?
False
Is 17020092613 a prime number?
True
Is 367274923 a composite number?
False
Is 15753470717 prime?
True
